{"id":364,"date":"2023-09-13T18:39:50","date_gmt":"2023-09-13T16:39:50","guid":{"rendered":"http:\/\/olvisz98.hu\/site\/?page_id=364"},"modified":"2025-06-02T09:06:51","modified_gmt":"2025-06-02T07:06:51","slug":"probatermeltetes-kapacitasmeres","status":"publish","type":"page","link":"https:\/\/olvisz98.hu\/site\/probatermeltetes-kapacitasmeres\/","title":{"rendered":"Pr\u00f3batermeltet\u00e9s, kapacit\u00e1sm\u00e9r\u00e9s"},"content":{"rendered":"\t\t<div data-elementor-type=\"wp-page\" data-elementor-id=\"364\" class=\"elementor elementor-364\" data-elementor-post-type=\"page\">\n\t\t\t\t\t\t<section class=\"elementor-section elementor-top-section elementor-element elementor-element-8b63fa0 elementor-section-boxed elementor-section-height-default elementor-section-height-default\" data-id=\"8b63fa0\" data-element_type=\"section\">\n\t\t\t\t\t\t<div class=\"elementor-container elementor-column-gap-default\">\n\t\t\t\t\t<div class=\"elementor-column elementor-col-50 elementor-top-column elementor-element elementor-element-c5609d4\" data-id=\"c5609d4\" data-element_type=\"column\">\n\t\t\t<div class=\"elementor-widget-wrap elementor-element-populated\">\n\t\t\t\t\t\t<div class=\"elementor-element elementor-element-4205e04 elementor-widget elementor-widget-text-editor\" data-id=\"4205e04\" data-element_type=\"widget\" data-widget_type=\"text-editor.default\">\n\t\t\t\t<div class=\"elementor-widget-container\">\n\t\t\t\t\t\t\t\t\t<p>A pr\u00f3batermeltet\u00e9s \u00e9s kapacit\u00e1sm\u00e9r\u00e9s az olajiparban a k\u00fatb\u00f3l t\u00f6rt\u00e9n\u0151 folyad\u00e9kok \u00e9s g\u00e1zok mennyis\u00e9g\u00e9nek, \u00f6sszet\u00e9tel\u00e9nek \u00e9s tulajdons\u00e1gainak tesztel\u00e9s\u00e9t jelenti.\u00a0<\/p><p><strong>Pr\u00f3batermeltet\u00e9s<\/strong> (Well Testing): Ezen folyamat sor\u00e1n ideiglenes k\u00fatteszteket v\u00e9geznek, hogy meghat\u00e1rozz\u00e1k a k\u00fatb\u00f3l t\u00f6rt\u00e9n\u0151 hidrokarbon-kitermel\u00e9si potenci\u00e1lt. C\u00e9lja az olaj- \u00e9s g\u00e1zmez\u0151k produktivit\u00e1s\u00e1nak, a nyom\u00e1sviszonyoknak, valamint a kitermel\u00e9si folyamatok hat\u00e9konys\u00e1g\u00e1nak meghat\u00e1roz\u00e1sa.<\/p><p><strong>Kapacit\u00e1sm\u00e9r\u00e9s<\/strong> (Capacity Testing): Ez a folyamat az olajk\u00fat kapacit\u00e1s\u00e1t m\u00e9ri, vagyis meghat\u00e1rozza, hogy mennyi hidrokarbon k\u00e9pes termelni a k\u00fat egy bizonyos id\u0151 alatt. Ezt a m\u00e9r\u00e9st \u00e1ltal\u00e1ban a kitermel\u00e9si folyamatok optimaliz\u00e1l\u00e1sa \u00e9s a k\u00fatfolyamatok hat\u00e9kony tervez\u00e9se \u00e9rdek\u00e9ben v\u00e9gzik.<\/p><p>Mindk\u00e9t folyamat sor\u00e1n a k\u00fat sz\u00e1mos param\u00e9ter\u00e9t, p\u00e9ld\u00e1ul nyom\u00e1st, h\u0151m\u00e9rs\u00e9kletet \u00e9s folyad\u00e9kok \u00f6sszet\u00e9tel\u00e9t monitorozz\u00e1k. Az \u00edgy kapott adatok seg\u00edtik a szakembereket a k\u00fattermel\u00e9s optimaliz\u00e1l\u00e1s\u00e1ban, a tartal\u00e9kbecsl\u00e9sben \u00e9s a teljes kitermel\u00e9si strat\u00e9gi\u00e1k kidolgoz\u00e1s\u00e1ban.<\/p>\t\t\t\t\t\t\t\t<\/div>\n\t\t\t\t<\/div>\n\t\t\t\t\t<\/div>\n\t\t<\/div>\n\t\t\t\t<div class=\"elementor-column elementor-col-50 elementor-top-column elementor-element elementor-element-4f2e7ee\" data-id=\"4f2e7ee\" data-element_type=\"column\">\n\t\t\t<div class=\"elementor-widget-wrap elementor-element-populated\">\n\t\t\t\t\t\t<div class=\"elementor-element elementor-element-d01e5e4 gallery-spacing-custom elementor-invisible elementor-widget elementor-widget-image-gallery\" data-id=\"d01e5e4\" data-element_type=\"widget\" data-settings=\"{&quot;_animation&quot;:&quot;fadeIn&quot;}\" data-widget_type=\"image-gallery.default\">\n\t\t\t\t<div class=\"elementor-widget-container\">\n\t\t\t\t\t\t\t<div class=\"elementor-image-gallery\">\n\t\t\t<div id='gallery-1' class='gallery galleryid-364 gallery-columns-4 gallery-size-thumbnail'><figure class='gallery-item'>\n\t\t\t<div class='gallery-icon portrait'>\n\t\t\t\t<a data-elementor-open-lightbox=\"yes\" data-elementor-lightbox-slideshow=\"d01e5e4\" data-e-action-hash=\"#elementor-action%3Aaction%3Dlightbox%26settings%3DeyJpZCI6MjczLCJ1cmwiOiJodHRwczpcL1wvb2x2aXN6OTguaHVcL3NpdGVcL3dwLWNvbnRlbnRcL3VwbG9hZHNcLzIwMjNcLzA5XC9JTUctMjFjMjRmOGVjZjkxZTIzOWIxZDMxNDc1MWJlNWU2MDUtVi5qcGciLCJzbGlkZXNob3ciOiJkMDFlNWU0In0%3D\" href='https:\/\/olvisz98.hu\/site\/wp-content\/uploads\/2023\/09\/IMG-21c24f8ecf91e239b1d314751be5e605-V.jpg'><img decoding=\"async\" width=\"150\" height=\"150\" src=\"https:\/\/olvisz98.hu\/site\/wp-content\/uploads\/2023\/09\/IMG-21c24f8ecf91e239b1d314751be5e605-V-150x150.jpg\" class=\"attachment-thumbnail size-thumbnail\" alt=\"\" aria-describedby=\"gallery-1-273\" \/><\/a>\n\t\t\t<\/div>\n\t\t\t\t<figcaption class='wp-caption-text gallery-caption' id='gallery-1-273'>\n\t\t\t\tWelltest field\n\t\t\t\t<\/figcaption><\/figure><figure class='gallery-item'>\n\t\t\t<div class='gallery-icon portrait'>\n\t\t\t\t<a data-elementor-open-lightbox=\"yes\" data-elementor-lightbox-slideshow=\"d01e5e4\" data-e-action-hash=\"#elementor-action%3Aaction%3Dlightbox%26settings%3DeyJpZCI6MTA4NCwidXJsIjoiaHR0cHM6XC9cL29sdmlzejk4Lmh1XC9zaXRlXC93cC1jb250ZW50XC91cGxvYWRzXC8yMDI1XC8wNlwvd3QuanBnIiwic2xpZGVzaG93IjoiZDAxZTVlNCJ9\" href='https:\/\/olvisz98.hu\/site\/wp-content\/uploads\/2025\/06\/wt.jpg'><img decoding=\"async\" width=\"150\" height=\"150\" src=\"https:\/\/olvisz98.hu\/site\/wp-content\/uploads\/2025\/06\/wt-150x150.jpg\" class=\"attachment-thumbnail size-thumbnail\" alt=\"\" \/><\/a>\n\t\t\t<\/div><\/figure><figure class='gallery-item'>\n\t\t\t<div class='gallery-icon portrait'>\n\t\t\t\t<a data-elementor-open-lightbox=\"yes\" data-elementor-lightbox-slideshow=\"d01e5e4\" data-e-action-hash=\"#elementor-action%3Aaction%3Dlightbox%26settings%3DeyJpZCI6MTA4NSwidXJsIjoiaHR0cHM6XC9cL29sdmlzejk4Lmh1XC9zaXRlXC93cC1jb250ZW50XC91cGxvYWRzXC8yMDI1XC8wNlwvd3QyLmpwZyIsInNsaWRlc2hvdyI6ImQwMWU1ZTQifQ%3D%3D\" href='https:\/\/olvisz98.hu\/site\/wp-content\/uploads\/2025\/06\/wt2.jpg'><img decoding=\"async\" width=\"150\" height=\"150\" src=\"https:\/\/olvisz98.hu\/site\/wp-content\/uploads\/2025\/06\/wt2-150x150.jpg\" class=\"attachment-thumbnail size-thumbnail\" alt=\"\" \/><\/a>\n\t\t\t<\/div><\/figure><figure class='gallery-item'>\n\t\t\t<div class='gallery-icon portrait'>\n\t\t\t\t<a data-elementor-open-lightbox=\"yes\" data-elementor-lightbox-slideshow=\"d01e5e4\" data-e-action-hash=\"#elementor-action%3Aaction%3Dlightbox%26settings%3DeyJpZCI6MTA4NiwidXJsIjoiaHR0cHM6XC9cL29sdmlzejk4Lmh1XC9zaXRlXC93cC1jb250ZW50XC91cGxvYWRzXC8yMDI1XC8wNlwvd3QzLmpwZyIsInNsaWRlc2hvdyI6ImQwMWU1ZTQifQ%3D%3D\" href='https:\/\/olvisz98.hu\/site\/wp-content\/uploads\/2025\/06\/wt3.jpg'><img loading=\"lazy\" decoding=\"async\" width=\"150\" height=\"150\" src=\"https:\/\/olvisz98.hu\/site\/wp-content\/uploads\/2025\/06\/wt3-150x150.jpg\" class=\"attachment-thumbnail size-thumbnail\" alt=\"\" \/><\/a>\n\t\t\t<\/div><\/figure><figure class='gallery-item'>\n\t\t\t<div class='gallery-icon portrait'>\n\t\t\t\t<a data-elementor-open-lightbox=\"yes\" data-elementor-lightbox-slideshow=\"d01e5e4\" data-e-action-hash=\"#elementor-action%3Aaction%3Dlightbox%26settings%3DeyJpZCI6MTA4NywidXJsIjoiaHR0cHM6XC9cL29sdmlzejk4Lmh1XC9zaXRlXC93cC1jb250ZW50XC91cGxvYWRzXC8yMDI1XC8wNlwvd3Q0LmpwZyIsInNsaWRlc2hvdyI6ImQwMWU1ZTQifQ%3D%3D\" href='https:\/\/olvisz98.hu\/site\/wp-content\/uploads\/2025\/06\/wt4.jpg'><img loading=\"lazy\" decoding=\"async\" width=\"150\" height=\"150\" src=\"https:\/\/olvisz98.hu\/site\/wp-content\/uploads\/2025\/06\/wt4-150x150.jpg\" class=\"attachment-thumbnail size-thumbnail\" alt=\"\" \/><\/a>\n\t\t\t<\/div><\/figure><figure class='gallery-item'>\n\t\t\t<div class='gallery-icon portrait'>\n\t\t\t\t<a data-elementor-open-lightbox=\"yes\" data-elementor-lightbox-slideshow=\"d01e5e4\" data-e-action-hash=\"#elementor-action%3Aaction%3Dlightbox%26settings%3DeyJpZCI6MTA4OCwidXJsIjoiaHR0cHM6XC9cL29sdmlzejk4Lmh1XC9zaXRlXC93cC1jb250ZW50XC91cGxvYWRzXC8yMDI1XC8wNlwvd3Q1LmpwZyIsInNsaWRlc2hvdyI6ImQwMWU1ZTQifQ%3D%3D\" href='https:\/\/olvisz98.hu\/site\/wp-content\/uploads\/2025\/06\/wt5.jpg'><img loading=\"lazy\" decoding=\"async\" width=\"150\" height=\"150\" src=\"https:\/\/olvisz98.hu\/site\/wp-content\/uploads\/2025\/06\/wt5-150x150.jpg\" class=\"attachment-thumbnail size-thumbnail\" alt=\"\" \/><\/a>\n\t\t\t<\/div><\/figure><figure class='gallery-item'>\n\t\t\t<div class='gallery-icon portrait'>\n\t\t\t\t<a data-elementor-open-lightbox=\"yes\" data-elementor-lightbox-slideshow=\"d01e5e4\" data-e-action-hash=\"#elementor-action%3Aaction%3Dlightbox%26settings%3DeyJpZCI6MTA4OSwidXJsIjoiaHR0cHM6XC9cL29sdmlzejk4Lmh1XC9zaXRlXC93cC1jb250ZW50XC91cGxvYWRzXC8yMDI1XC8wNlwvd3Q2LmpwZyIsInNsaWRlc2hvdyI6ImQwMWU1ZTQifQ%3D%3D\" href='https:\/\/olvisz98.hu\/site\/wp-content\/uploads\/2025\/06\/wt6.jpg'><img loading=\"lazy\" decoding=\"async\" width=\"150\" height=\"150\" src=\"https:\/\/olvisz98.hu\/site\/wp-content\/uploads\/2025\/06\/wt6-150x150.jpg\" class=\"attachment-thumbnail size-thumbnail\" alt=\"\" \/><\/a>\n\t\t\t<\/div><\/figure><figure class='gallery-item'>\n\t\t\t<div class='gallery-icon portrait'>\n\t\t\t\t<a data-elementor-open-lightbox=\"yes\" data-elementor-lightbox-slideshow=\"d01e5e4\" data-e-action-hash=\"#elementor-action%3Aaction%3Dlightbox%26settings%3DeyJpZCI6MTA5MCwidXJsIjoiaHR0cHM6XC9cL29sdmlzejk4Lmh1XC9zaXRlXC93cC1jb250ZW50XC91cGxvYWRzXC8yMDI1XC8wNlwvd3Q3LmpwZyIsInNsaWRlc2hvdyI6ImQwMWU1ZTQifQ%3D%3D\" href='https:\/\/olvisz98.hu\/site\/wp-content\/uploads\/2025\/06\/wt7.jpg'><img loading=\"lazy\" decoding=\"async\" width=\"150\" height=\"150\" src=\"https:\/\/olvisz98.hu\/site\/wp-content\/uploads\/2025\/06\/wt7-150x150.jpg\" class=\"attachment-thumbnail size-thumbnail\" alt=\"\" \/><\/a>\n\t\t\t<\/div><\/figure><figure class='gallery-item'>\n\t\t\t<div class='gallery-icon portrait'>\n\t\t\t\t<a data-elementor-open-lightbox=\"yes\" data-elementor-lightbox-slideshow=\"d01e5e4\" data-e-action-hash=\"#elementor-action%3Aaction%3Dlightbox%26settings%3DeyJpZCI6MTA5MSwidXJsIjoiaHR0cHM6XC9cL29sdmlzejk4Lmh1XC9zaXRlXC93cC1jb250ZW50XC91cGxvYWRzXC8yMDI1XC8wNlwvd3Q4LmpwZyIsInNsaWRlc2hvdyI6ImQwMWU1ZTQifQ%3D%3D\" href='https:\/\/olvisz98.hu\/site\/wp-content\/uploads\/2025\/06\/wt8.jpg'><img loading=\"lazy\" decoding=\"async\" width=\"150\" height=\"150\" src=\"https:\/\/olvisz98.hu\/site\/wp-content\/uploads\/2025\/06\/wt8-150x150.jpg\" class=\"attachment-thumbnail size-thumbnail\" alt=\"\" \/><\/a>\n\t\t\t<\/div><\/figure><figure class='gallery-item'>\n\t\t\t<div class='gallery-icon portrait'>\n\t\t\t\t<a data-elementor-open-lightbox=\"yes\" data-elementor-lightbox-slideshow=\"d01e5e4\" data-e-action-hash=\"#elementor-action%3Aaction%3Dlightbox%26settings%3DeyJpZCI6MTA5MiwidXJsIjoiaHR0cHM6XC9cL29sdmlzejk4Lmh1XC9zaXRlXC93cC1jb250ZW50XC91cGxvYWRzXC8yMDI1XC8wNlwvd3QxMC5qcGciLCJzbGlkZXNob3ciOiJkMDFlNWU0In0%3D\" href='https:\/\/olvisz98.hu\/site\/wp-content\/uploads\/2025\/06\/wt10.jpg'><img loading=\"lazy\" decoding=\"async\" width=\"150\" height=\"150\" src=\"https:\/\/olvisz98.hu\/site\/wp-content\/uploads\/2025\/06\/wt10-150x150.jpg\" class=\"attachment-thumbnail size-thumbnail\" alt=\"\" \/><\/a>\n\t\t\t<\/div><\/figure><figure class='gallery-item'>\n\t\t\t<div class='gallery-icon portrait'>\n\t\t\t\t<a data-elementor-open-lightbox=\"yes\" data-elementor-lightbox-slideshow=\"d01e5e4\" data-e-action-hash=\"#elementor-action%3Aaction%3Dlightbox%26settings%3DeyJpZCI6MTA5MywidXJsIjoiaHR0cHM6XC9cL29sdmlzejk4Lmh1XC9zaXRlXC93cC1jb250ZW50XC91cGxvYWRzXC8yMDI1XC8wNlwvd3QxMS5qcGciLCJzbGlkZXNob3ciOiJkMDFlNWU0In0%3D\" href='https:\/\/olvisz98.hu\/site\/wp-content\/uploads\/2025\/06\/wt11.jpg'><img loading=\"lazy\" decoding=\"async\" width=\"150\" height=\"150\" src=\"https:\/\/olvisz98.hu\/site\/wp-content\/uploads\/2025\/06\/wt11-150x150.jpg\" class=\"attachment-thumbnail size-thumbnail\" alt=\"\" \/><\/a>\n\t\t\t<\/div><\/figure><figure class='gallery-item'>\n\t\t\t<div class='gallery-icon portrait'>\n\t\t\t\t<a data-elementor-open-lightbox=\"yes\" data-elementor-lightbox-slideshow=\"d01e5e4\" data-e-action-hash=\"#elementor-action%3Aaction%3Dlightbox%26settings%3DeyJpZCI6MTA5NCwidXJsIjoiaHR0cHM6XC9cL29sdmlzejk4Lmh1XC9zaXRlXC93cC1jb250ZW50XC91cGxvYWRzXC8yMDI1XC8wNlwvd3QxMi5qcGciLCJzbGlkZXNob3ciOiJkMDFlNWU0In0%3D\" href='https:\/\/olvisz98.hu\/site\/wp-content\/uploads\/2025\/06\/wt12.jpg'><img loading=\"lazy\" decoding=\"async\" width=\"150\" height=\"150\" src=\"https:\/\/olvisz98.hu\/site\/wp-content\/uploads\/2025\/06\/wt12-150x150.jpg\" class=\"attachment-thumbnail size-thumbnail\" alt=\"\" \/><\/a>\n\t\t\t<\/div><\/figure>\n\t\t<\/div>\n\t\t<\/div>\n\t\t\t\t\t\t<\/div>\n\t\t\t\t<\/div>\n\t\t\t\t\t<\/div>\n\t\t<\/div>\n\t\t\t\t\t<\/div>\n\t\t<\/section>\n\t\t\t\t<\/div>\n\t\t","protected":false},"excerpt":{"rendered":"<p>A pr\u00f3batermeltet\u00e9s \u00e9s kapacit\u00e1sm\u00e9r\u00e9s az olajiparban a k\u00fatb\u00f3l t\u00f6rt\u00e9n\u0151 folyad\u00e9kok \u00e9s g\u00e1zok mennyis\u00e9g\u00e9nek, \u00f6sszet\u00e9tel\u00e9nek \u00e9s tulajdons\u00e1gainak tesztel\u00e9s\u00e9t jelenti.\u00a0 Pr\u00f3batermeltet\u00e9s (Well Testing): Ezen folyamat sor\u00e1n ideiglenes k\u00fatteszteket v\u00e9geznek, hogy meghat\u00e1rozz\u00e1k a k\u00fatb\u00f3l t\u00f6rt\u00e9n\u0151 hidrokarbon-kitermel\u00e9si potenci\u00e1lt. C\u00e9lja az olaj- \u00e9s g\u00e1zmez\u0151k produktivit\u00e1s\u00e1nak, a nyom\u00e1sviszonyoknak, valamint a kitermel\u00e9si folyamatok hat\u00e9konys\u00e1g\u00e1nak meghat\u00e1roz\u00e1sa. Kapacit\u00e1sm\u00e9r\u00e9s (Capacity Testing): Ez a folyamat az [&hellip;]<\/p>\n","protected":false},"author":1,"featured_media":0,"parent":0,"menu_order":0,"comment_status":"closed","ping_status":"closed","template":"","meta":{"footnotes":""},"class_list":["post-364","page","type-page","status-publish","hentry"],"_links":{"self":[{"href":"https:\/\/olvisz98.hu\/site\/wp-json\/wp\/v2\/pages\/364","targetHints":{"allow":["GET"]}}],"collection":[{"href":"https:\/\/olvisz98.hu\/site\/wp-json\/wp\/v2\/pages"}],"about":[{"href":"https:\/\/olvisz98.hu\/site\/wp-json\/wp\/v2\/types\/page"}],"author":[{"embeddable":true,"href":"https:\/\/olvisz98.hu\/site\/wp-json\/wp\/v2\/users\/1"}],"replies":[{"embeddable":true,"href":"https:\/\/olvisz98.hu\/site\/wp-json\/wp\/v2\/comments?post=364"}],"version-history":[{"count":10,"href":"https:\/\/olvisz98.hu\/site\/wp-json\/wp\/v2\/pages\/364\/revisions"}],"predecessor-version":[{"id":1100,"href":"https:\/\/olvisz98.hu\/site\/wp-json\/wp\/v2\/pages\/364\/revisions\/1100"}],"wp:attachment":[{"href":"https:\/\/olvisz98.hu\/site\/wp-json\/wp\/v2\/media?parent=364"}],"curies":[{"name":"wp","href":"https:\/\/api.w.org\/{rel}","templated":true}]}}